+ 92 = -10*f, -o = 0. List the prime factors of f.
2, 23
Suppose -4*s + 8 - 65 = -5*v, -5*v - 3*s + 36 = 0. Let w = 131 + v. List the prime factors of w.
2, 5, 7
Let y = -1456 - -1608. List the prime factors of y.
2, 19
Suppose 953 = -5*k + 3188. What are the prime factors of k?
3, 149
Let p(q) = 1. Let b(t) = -2*t**2 - 17*t - 1. Let g(l) = -b(l) - 2*p(l). List the prime factors of g(-12).
83
Let n = -27 - 0. Let j = n - -22. Let o = j - -11. What are the prime factors of o?
2, 3
Suppose 0 = 7*n - 163 + 51. Let f = n + -13. Suppose 3*w - 37 = -4*l + 259, -f*l + w + 209 = 0. List the prime factors of l.
71
Suppose 4*g - 275 = -5*z, -3*g + 131 = 2*z + 21. Suppose z = 2*v - n, 2*v = -2*n - n + 75. Let d = 2 + v. List the prime factors of d.
2
Suppose 56*a - 52*a = 1716. Suppose -v - v + a = -u, 2*v + 3*u - 417 = 0. What are the prime factors of v?
3, 71
List the prime factors of 189 - ((-10)/3)/(2/(-3)).
2, 23
Let n(v) = -v**2 - 5*v + 7. Suppose 9 = 4*l + 29. Let h be n(l). Suppose -b + h = -26. List the prime factors of b.
3, 11
Suppose 7*f - 982 = 131. List the prime factors of f.
3, 53
Let k = -11 - -13. What are the prime factors of 38 + k + 3 + -7?
2, 3
Suppose -2*c = 2*u - 98, -5*c = -2*c - 5*u - 155. Suppose 220 = 5*h - c. Suppose -2*p - 2 = -h. List the prime factors of p.
2, 13
Let p = -19 - -32. Let u = p + -9. Suppose u*s = -57 + 157. List the prime factors of s.
5
Suppose 3*f = -15, -6*f + f + 27 = 4*s. Suppose 618 = 11*a + s. List the prime factors of a.
5, 11
Let g = -34 + 32. List the prime factors of (-59 - g)*-1 - 2.
5, 11
Let k(l) = 38*l + 140. What are the prime factors of k(11)?
2, 3, 31
Let m(q) = q**3 + 21*q**2 + 13*q + 76. List the prime factors of m(-20).
2, 3
Let j be (-4)/(-6)*6/(-4). Let z(a) = -81*a - 3. List the prime factors of z(j).
2, 3, 13
Let r(o) = -3*o. Let j be r(0). Suppose j = 3*p - 0*p - 153. What are the prime factors of p?
3, 17
Let z be -2 + 32/(8/2). Suppose 0 = 2*a - z - 4. List the prime factors of a.
5
Suppose -f - 12 = -45. Suppose 0 = m + p + f, -5*m + 5*p = 128 + 57. What are the prime factors of 14/m - (-104)/10?
2, 5
Let a = -9 - -25. Suppose -a = -4*o - 4. Suppose -1 - 8 = -o*s. What are the prime factors of s?
3
Suppose 0 = -3*z - 9, z = 4*a - 1005 - 490. What are the prime factors of 16/24 + a/3?
5
Let f(t) = 15*t - 7. Let h be f(1). Let n = h - -4. List the prime factors of n.
2, 3
Suppose h - 156 = -4*x + 950, 1106 = h - x. What are the prime factors of h?
2, 7, 79
Let o be 3/60*4 + 642/15. Suppose 44*l = o*l + 80. What are the prime factors of l?
2, 5
Let j = -1689 - -2389. List the prime factors of j.
2, 5, 7
Let j = 71 + -28. Let m = 143 - 70. Let x = m - j. What are the prime factors of x?
2, 3, 5
Let p(d) = -d**3 - 14*d**2 - 8*d - 20. Let g be p(-14). Let w = g + -47. What are the prime factors of w?
3, 5
Suppose z = 3*z + 6. Let f = z - -9. Suppose -5*u - f = -8*u. List the prime factors of u.
2
Let r(w) = -w**3 - 30*w**2 + 52*w - 4. List the prime factors of r(-32).
2, 5, 19
Suppose 4*t = 4, -2161 = -2*b + 2*t - 5*t. List the prime factors of b.
13, 83
Suppose 3*x - 1782 = -2*w + 10, 2*x = 3*w - 2688. List the prime factors of w.
2, 7
Let b(s) = -38*s**2 - s. Let a be b(-1). Let h = -31 - a. What are the prime factors of h?
2, 3
Suppose -4*l + 12 = 0, -l = -3*u + l + 120. Suppose -122 = -4*j + u. Suppose -4*q = -5*n - 174, -3*q - j + 154 = 5*n. List the prime factors of q.
41
Let q = 32 - 24. Let u = 33 - q. What are the prime factors of u?
5
Let h = -16 + 18. Let x(l) = 7*l**3 - l**2 - 4*l + 4. What are the prime factors of x(h)?
2, 3
Let a(i) = i**2 - i + 6. Let v be a(-5). Suppose -3*r - v = -222. List the prime factors of r.
2, 31
Let m(n) = -1175*n - 17. What are the prime factors of m(-3)?
2, 877
Suppose 6569 = 9*w - 16633. What are the prime factors of w?
2, 1289
Let s = -92 + 96. Suppose v + 5*q - 3*q = 88, 3*q + 330 = s*v. What are the prime factors of v?
2, 3, 7
Let l be (-1770)/8 - (-35)/28. Let v = 441 + l. List the prime factors of v.
13, 17
Let b(u) = u**2 - 3*u - 7. Let h be b(5). Suppose h = -4*v + 15. List the prime factors of v.
3
Suppose -4*w + 0 - 8 = 0, 4*w + 13608 = 4*i. List the prime factors of i.
2, 5, 17
Suppose 2*y = -3 + 5. Suppose 0 = z - y + 6. Let i = z + 18. List the prime factors of i.
13
List the prime factors of (-72254)/(-98) + 3*6/(-63).
11, 67
Suppose -4*u = -8*u + 32. Let g be 28*4/u*1. Suppose -5*d - g = -99. List the prime factors of d.
17
Suppose -4*r + 31528 = 24*r. List the prime factors of r.
2, 563
Let l = 1469 + -609. Suppose 0*k - 180 = -k - 5*w, l = 5*k + 5*w. List the prime factors of k.
2, 5, 17
Let w(q) = -q + 27. Let n be w(12). Let s be (-4)/6 - (-85)/n. What are the prime factors of (-6 + s)/(2/(-94))?
47
Suppose -3500 = -2*p + 3*d + 190, 2*d = 3*p - 5535. What are the prime factors of p?
3, 5, 41
Let q be 0 + 10*-1 + -1. Let j = -7 - q. Suppose i + 3*d - 32 = 0, -j*i - 15 = -4*d - 95. List the prime factors of i.
23
Suppose 45*t + 46528 = 61*t. List the prime factors of t.
2, 727
Let j be -1 - 12/(-4) - -3. Suppose -j + 1 = -2*f. What are the prime factors of 3*f*(-10)/(-4)?
3, 5
Let w(q) = q**3 - 13*q**2 - 4*q + 22. What are the prime factors of w(14)?
2, 3
Suppose i = -42 + 13. Let y = 34 - i. List the prime factors of y.
3, 7
Suppose -2340 = -3*b - 5*o + 3652, o = 2. What are the prime factors of b?
2, 997
Let z(v) = -3*v**2 - 2 + 4*v**2 + 0*v + 7*v. Let p be z(-8). List the prime factors of -3 + p*(6 + -2).
3, 7
Let a = -204 + 437. What are the prime factors of a?
233
Suppose 4*f + 0*f - 4 = 0. Let h = -1 + f. Suppose 0*x = -5*x - 10, h = -z + 4*x + 23. What are the prime factors of z?
3, 5
Let m(a) = -a**2 + 25*a + 24. Let j be m(30). Let d = j + 387. What are the prime factors of d?
3, 29
Let w be (-1 - (61 - 3))/(-1). Let o = w - 25. Suppose p - o = -p. List the prime factors of p.
17
List the prime factors of 4 + -2 + -8 - -795.
3, 263
Suppose -3*w = -2*o - 10, 0 = -0*w + 2*w - 2*o - 10. Suppose w = 2*s - s + 4, -13 = -y + 3*s. Suppose 2*f - y = 9. What are the prime factors of f?
5
Let t = 10 - 5. Suppose g = t*g + 276. Let a = -27 - g. What are the prime factors of a?
2, 3, 7
Let n(u) = u**2 - 7*u. Let k(y) = -8*y - 1. Let j(l) = -4*k(l) + 5*n(l). List the prime factors of j(7).
2, 3, 19
Suppose 0 = -3*c + 2*c - 1610. Let f be c/25 - 3/5. Let a = -32 - f. List the prime factors of a.
3, 11
Suppose -d + 31 = -201. What are the prime factors of d?
2, 29
Let i be 10/(-20) - (-103)/2. Suppose 38*m + i = 41*m. What are the prime factors of m?
17
Let j(h) = -h + 6. Let d be j(0). Let t(x) = -x**3 + 6*x**2 + 4*x - 4. List the prime factors of t(d).
2, 5
Let i be -6*(-5 + 4 + (-1)/(-2)). Suppose 0 = -3*b - 3*w + 174, -4*w = i*b - 2*w - 179. List the prime factors of b.
3, 7
Suppose 7945 = 39*j - 4*j. List the prime factors of j.
227
List the prime factors of (36/6 - -260) + (5 - 3).
2, 67
Let o(l) = -l**2 - 2*l - 1. Let g be o(-1). Suppose 2*s + 5*n - 262 = g, 388 = 3*s + 3*n + 2*n. Suppose 4*b = s - 34. What are the prime factors of b?
23
Let m(j) = 9*j - 2. Suppose -q + 2 = -2. Let b = q - 0. List the prime factors of m(b).
2, 17
Let n = 2188 + -1469. What are the prime factors of n?
719
Suppose 17*z - 4*b + 1677 = 20*z, 5*b + 2267 = 4*z. What are the prime factors of z?
563
Suppose 1519 = 5*s - 2*t, -299 = 2*s - 3*s + 2*t. List the prime factors of s.
5, 61
What are the prime factors of (44/33)/((-2)/(-942))?
2, 157
Let c = -1450 + 1668. What are the prime factors of c?
2, 109
Let o(l) = -8*l + 4*l**2 - l**2 + 3*l**3 + 5 + 16*l - l**2. Let v(g) = -5*g**3 - 3*g**2 - 15*g - 9. Let k(r) = 7*o(r) + 4*v(r). List the prime factors of k(4).
79
Let i be (2/(-7))/(-1*1/7). What are the prime factors of -7 - (i - 5) - -13*7?
3, 29
Let i = 428 + -176. List the prime factors of i.
2, 3, 7
Suppose -5*y = -11*x + 6*x + 17275, -4*x - y + 13825 = 0. What are the prime factors of x?
2, 3
Let x(n) = -1185*n**3 - 5*n**2 - 4*n + 1. What are the prime factors of x(-1)?
3, 5, 79
Let l(h) = h**3 + 5*h**2 + 3*h - 2. Let c be l(-4). Suppose b + c = 5. Suppose -u - b*u = -24. What are the prime factors of u?
2, 3
Let i = 635 + -157. List the prime factors of i.
2, 239
Suppose -118*p - 19437 = -129*p. List the prime factors of p.
3, 19, 31
Let b